7
Let a(x) = 20*x + 64. Determine a(-5).
-36
Let b(d) = 38*d - 1724. Determine b(45).
-14
Let w(b) = 42*b + 138. Calculate w(-8).
-198
Let t(o) = -2*o**2 - 73*o + 33. Give t(-27).
546
Let u(i) = -i**3 - 15*i**2 - 11*i + 378. What is u(-9)?
-9
Let f(i) = 6*i**3 - 3*i**2 - 23*i - 15. What is f(4)?
229
Let t(p) = -86*p**2 - 8001*p - 284. Determine t(-93).
-5
Let b(m) = 3*m**3 + 314*m**2 + 209*m + 120. What is b(-104)?
16
Let r(n) = 2*n**2 - 37*n + 380. What is r(15)?
275
Let o(w) = w**2 - 63*w - 847. What is o(-11)?
-33
Let j(f) = f**3 + 8*f**2 + 20*f + 157. What is j(-8)?
-3
Let r(b) = -164*b + 3943. Determine r(24).
7
Let l(k) = -19*k - 82. Calculate l(-19).
279
Let m(u) = -u + 29. Determine m(15).
14
Let a(d) = -2*d**2 - 120*d - 990. Determine a(-10).
10
Let t(f) = f**3 + 33*f**2 - 36*f - 76. Calculate t(-34).
-8
Let h(s) = 2*s**2 + 47*s + 142. What is h(-3)?
19
Let v(p) = p**3 - 26*p**2 + 162*p - 97. Give v(12).
-169
Let w(f) = -3*f**3 + 79*f**2 + 240*f - 203. Determine w(29).
29
Let x(a) = -23*a**2 - 993*a + 838. Give x(-44).
2
Let x(y) = y**3 + 9*y**2 + 20*y + 30. Calculate x(-6).
18
Let o(p) = -p**3 + 20*p**2 + 55*p - 52. Calculate o(22).
190
Let c(f) = 27*f + 245. Give c(-11).
-52
Let u(b) = -4*b**2 + 10*b + 19. What is u(6)?
-65
Let l(t) = -18*t**2 + 936*t - 1. Calculate l(52).
-1
Let d(q) = 12*q**2 + 62*q - 11. Calculate d(-4).
-67
Let f(t) = 23*t**2 - 8*t - 10. What is f(-4)?
390
Let z(v) = 55*v - 6709. What is z(122)?
1
Let i(m) = 14*m - 137. Give i(8).
-25
Let g(d) = -5*d**2 + 27*d + 269. Determine g(-6).
-73
Let x(a) = 3*a**2 - 11*a + 16. Calculate x(7).
86
Let t(z) = -z**3 - 15*z**2 + 9*z + 256. What is t(-15)?
121
Let h(u) = -2*u**3 - 4*u**2 + 58*u + 167. Determine h(-4).
-1
Let k(i) = 10*i**2 + 1626*i - 11875. Calculate k(7).
-3
Let m(r) = r**2 + 5*r - 6. What is m(-11)?
60
Let w(y) = 417*y + 13348. Give w(-32).
4
Let m(z) = -10*z**3 + 32*z**2 - 9*z - 17. What is m(1)?
-4
Let w(b) = -b**2 + 26*b + 53. Give w(26).
53
Let f(x) = x**3 - 23*x**2 + 130*x + 24. Calculate f(11).
2
Let i(s) = -136*s - 3012. Calculate i(-22).
-20
Let w(k) = -k**2 + 27*k - 135. What is w(4)?
-43
Let a(l) = 25*l + 575. Give a(-11).
300
Let t(r) = -15*r + 240. Calculate t(8).
120
Let t(j) = 44*j + 111. Determine t(-8).
-241
Let y(k) = -354*k + 237. What is y(2)?
-471
Let f(c) = -30*c**3 - 390*c**2 + 5*c + 64. Give f(-13).
-1
Let b(d) = -d**3 - 33*d**2 - 59*d + 81. Give b(-31).
-12
Let p(y) = 2*y**3 + 67*y**2 - 100*y + 196. Determine p(-35).
21
Let c(k) = -k**3 - 21*k**2 - 115*k - 140. What is c(-13)?
3
Let w(j) = -26*j**3 - 17*j**2 - 31*j - 14. Calculate w(-1).
26
Let f(b) = 189*b + 1321. What is f(-7)?
-2
Let h(g) = -101*g + 474. Determine h(5).
-31
Let t(v) = -1601*v + 14390. What is t(9)?
-19
Let c(i) = 1550*i + 6229. Determine c(-4).
29
Let b(n) = 5*n + 103. What is b(-28)?
-37
Let p(f) = -f**3 - 51*f**2 + 59*f + 399. Determine p(-52).
35
Let f(a) = -2*a**2 + 60*a - 98. Determine f(0).
-98
Let m(w) = -w**2 + 5*w + 79. Calculate m(11).
13
Let x(i) = -i**2 + 36*i + 54. Calculate x(37).
17
Let w(h) = -40*h - 67. Calculate w(-2).
13
Let s(k) = -18*k - 76. What is s(-1)?
-58
Let a(d) = -d**2 + 31*d + 453. Calculate a(-11).
-9
Let u(w) = 227*w - 23159. What is u(102)?
-5
Let g(q) = -11*q**2 + 133*q - 1. What is g(11)?
131
Let z(b) = -194*b + 3695. Determine z(19).
9
Let l(b) = -b**2 - 541*b + 4386. What is l(8)?
-6
Let y(k) = -20*k + 245. Give y(-7).
385
Let c(l) = -l**3 - 10*l**2 + 32*l - 8. What is c(6)?
-392
Let n(d) = 6*d**2 + 160*d - 45. Determine n(-27).
9
Let b(i) = 752*i + 1418. Give b(-2).
-86
Let h(o) = 4*o**3 + 100*o**2 - 105*o - 35. What is h(-26)?
-9
Let k(l) = -159*l - 27986. Give k(-176).
-2
Let d(g) = -2*g**3 - 34*g**2 - 33*g - 19. Determine d(-16).
-3
Let s(j) = 863*j - 6916. Determine s(8).
-12
Let k(t) = 61*t - 4. Calculate k(0).
-4
Let r(s) = -4*s**2 + 247*s + 182. What is r(63)?
-133
Let d(r) = -r**3 - 26*r**2 - 70*r + 13. Calculate d(-23).
36
Let w(b) = 13*b**2 - 120*b + 256. Calculate w(6).
4
Let b(f) = -f**3 + 23*f**2 - 118*f - 31. Calculate b(15).
-1
Let g(o) = -9*o**2 + 771*o + 257. Determine g(86).
-1
Let a(u) = 3*u - 232. Calculate a(31).
-139
Let w(y) = 7*y**2 - 103*y + 34. Determine w(15).
64
Let r(z) = 6*z**2 - 66*z + 330. What is r(5)?
150
Let k(f) = -f**2 + 13*f + 85. Give k(16).
37
Let b(i) = 20*i**2 + 155*i - 6. What is b(-8)?
34
Let n(m) = m**3 + 8*m**2 - 19*m - 3. Determine n(-7).
179
Let y(l) = -l**2 + 70*l + 503. Calculate y(78).
-121
Let q(r) = r**3 - 60*r**2 + 218*r + 16. Determine q(4).
-8
Let z(a) = -14*a**2 - 71*a - 4. Calculate z(-7).
-193
Let s(j) = -86*j**3 + j**2 - 189*j + 190. What is s(1)?
-84
Let m(y) = 4*y**2 + 459*y + 2203. Calculate m(-5).
8
Let h(t) = -t**3 - 14*t**2 + 26*t + 398. Give h(-14).
34
Let d(p) = p**3 + 3*p**2 - 33*p - 50. What is d(-7)?
-15
Let b(n) = -3*n**3 + 5*n**2 + 5. Determine b(-4).
277
Let i(w) = w**3 - 2*w**2 - 2*w + 10. Calculate i(3).
13
Let v(d) = -d**2 + 141*d - 6. What is v(141)?
-6
Let w(m) = -m**3 + 60*m**2 + 8*m - 477. Determine w(60).
3
Let d(h) = -h**3 + 125*h**2 + 377*h + 917. What is d(128)?
21
Let h(y) = y**3 - 11*y**2 - 2*y + 28. Calculate h(12).
148
Let t(f) = f**3 + 77*f**2 + 152*f + 77. Determine t(-75).
-73
Let n(l) = -l**3 - 53*l**2 + 113*l + 136. Determine n(-55).
-29
Let x(f) = 5*f**2 - 9*f + 5. Give x(4).
49
Let c(j) = 2*j - 25. Determine c(29).
33
Let j(c) = -3*c**2 - 16*c + 43. What is j(-8)?
-21
Let k(y) = -y**3 + 113*y**2 + 1002*y - 4110. Determine k(121).
4
Let j(p) = 2*p**3 + 15*p**2 - 17*p - 220. Determine j(-5).
-10
Let a(x) = x**2 + 125*x + 3533. Calculate a(-82).
7
Let v(u) = -12*u - 110. Give v(13).
-266
Let f(v) = 3*v**2 + 119*v + 73. Give f(-39).
-5
Let o(d) = d**3 + 20*d**2 + 91*d + 10. Calculate o(-10).
100
Let k(l) = l**3 - 13*l**2 + 8*l - 97. Calculate k(13).
7
Let k(r) = r**3 - 6*r**2 - 36*r + 12. What is k(-4)?
-4
Let k(h) = -23*h + 1001. What is k(44)?
-11
Let h(v) = 2*v**3 + 12*v**2 - 10*v - 39. Calculate h(-7).
-67
Let c(u) = -u**3 - 53*u**2 - 131*u + 40. Give c(-3).
-17
Let r(f) = 10*f**2 + 28*f + 4. Calculate r(-3).
10
Let i(h) = 674*h + 4708. Calculate i(-7).
-10
Let i(d) = -d**3 + 38*d**2 - 284*d - 1031. Determine i(25).
-6
Let o(t) = t**3 - 406*t**2 + 6614*t - 24. Calculate o(17).
-7
Let x(h) = 2*h**2 + 121*h + 1973. Calculate x(-27).
164
Let v(w) = 35*w + 246. Calculate v(-8).
-34
Let b(a) = 17*a + 128. Give b(-6).
26
Let m(u) = -3*u - 61. Determine m(-5).
-46
Let z(d) = -d**2 - 18*d + 26. Give z(-19).
7
Let i(t) = 30*t**2 - 37*t + 133. Determine i(4).
465
Let j(z) = 682*z**3 - 7*z**2 - 3*z + 2. Calculate j(-1).
-684
Let t(i) = -5093*i - 15275. Determine t(-3).
4
Let w(x) = -3*x**2 + 4*x - 28. Calculate w(-6).
-160
Let z(t) = 336*t**2 - 9*t - 14. What is z(1)?
313
Let j(m) = -m**2 - 401*m + 4044. Calculate j(10).
-66
Let d(m) = -m**3 - 29*m**2 + 17*m + 514. Give d(-29).
21
Let o(q) = -194*q + 1112. Give o(6).
-52
Let q(v) = 2*v**3 - 54*v**2 + 12*v - 175. What is q(27)?
149
Let v(c) = 2*c**2 - 80*c - 460. Calculate v(-6).
92
Let t(f) = -15*f + 497. Determine t(29).
62
Let q(u) = 2*u**3 + 17*u**2 - u + 109. Calculate q(-9).
37
Let y(m) = -2*m**3 + 9*m**2 - 266*m + 515. What is y(2)?
3
Let k(v) = 5*v**2 + 38*v - 24. What is k(-8)?
-8
Let z(p) = -3*p**3 + 5*p**2 - 22*p + 19. Give z(2).
-29
Let p(w) = w**3 - 7*w**2 - 76*w - 5. What is p(-5)?
75
Let s(d) = -365*d + 397. Determine s(1).
32
Let z(p) = p**3 + 40*p**2 + 366. Give z(0).
366
Let b(j) = 2*j**2 + 107*j - 427. Determine b(4).
33
Let s(a) = -a**3 - 13*a**2 - 34*a - 5. Determine s(-10).
35
Let p(y) = -2*y**2 + 22*y - 78. Calculate p(9).
-42
Let w(l) = 3*l**2 - 11*l - 78. Calculate w(-7).
146
Let g(d) = -d**2 + 111*d - 5. Determine g(0).
-5
Let v(j) = 22*j + 157. What is v(-6)?
25
Let s(d) = 110*d - 656. Give s(14).
884
Let a(r) = -r**2 + 296*r - 20938. Calculate a(117).
5
Let u(x) = -6*x**3 + 8*x**2 - 411*x + 830. Give u(2).
-8
Let c(i) = -53*i - 23. Give c(-4).
189
Let r(o) = -o**3 - 6*o**2 + 71*o + 14. What is r(-12)?
26
Let x(d) = 10*d + 248. Give x(-25).
-2
Let h(f) = 2*f**2 + 268*f + 668. Calculate h(-131).
-118
Let z(n) = -11*n - 196. Determine z(-43).
277
Let b(r) = -17*r**2 - 109*r - 94. Give b(-5).
26
Let c(v) = -118*v - 1536. What is c(-13)?
-2
Let g(y) = -y**3 + 8*y**2 -